Is 110206259 a prime number?
False
Is 396918579 prime?
False
Is 10654680493 a composite number?
False
Is 90318438503 prime?
True
Is 415476979 a composite number?
True
Is 56421834253 composite?
True
Is 387646729 a composite number?
False
Is 100410837199 prime?
True
Is 3385693579 prime?
True
Is 594506279 a prime number?
True
Is 6850672979 prime?
False
Is 95164151 a composite number?
False
Is 8051225353 prime?
True
Is 9688340117 a composite number?
True
Is 283979115803 a prime number?
True
Is 8153534591 a composite number?
False
Is 314924426 a composite number?
True
Is 131266159 prime?
False
Is 332443049 prime?
True
Is 4773589223 prime?
False
Is 3062999567 prime?
True
Is 5092440371 composite?
False
Is 37209171913 a prime number?
True
Is 15571586839 prime?
False
Is 4002518021 composite?
True
Is 24297845189 a prime number?
True
Is 1761792657 composite?
True
Is 754243483405 a prime number?
False
Is 81942859421 a composite number?
True
Is 15963907283 prime?
False
Is 74246257 composite?
True
Is 599392247 composite?
False
Is 1775014063 a composite number?
False
Is 15574957 prime?
False
Is 5440270243 prime?
False
Is 35834022341 a prime number?
False
Is 106953113 composite?
True
Is 374214613 a composite number?
True
Is 34049121863 composite?
True
Is 2249703545 composite?
True
Is 272773961 composite?
True
Is 32104851629 composite?
False
Is 233536548319 prime?
True
Is 5116265807 a prime number?
True
Is 1856950801 prime?
True
Is 3626710361 a prime number?
False
Is 158748613217 composite?
True
Is 3487729279 prime?
True
Is 1234204369 prime?
False
Is 50835924305 prime?
False
Is 17912884861 a prime number?
False
Is 110342807 a composite number?
True
Is 54423150203 composite?
False
Is 319804453 composite?
True
Is 891678517 a prime number?
False
Is 1037674111 composite?
True
Is 11726846533 a prime number?
True
Is 1285719217 prime?
True
Is 2326165141 a composite number?
False
Is 2341599343 a prime number?
True
Is 7133878537 composite?
False
Is 1494066293 composite?
False
Is 982987879 prime?
True
Is 8008661387 composite?
True
Is 1184489731 a composite number?
False
Is 4454567123 a prime number?
False
Is 3364790063 composite?
False
Is 985499707 prime?
False
Is 3575867387 a prime number?
False
Is 234289558441 a prime number?
False
Is 1447412597 a composite number?
False
Is 25054897 prime?
False
Is 44867665151 a composite number?
False
Is 4534013839 a composite number?
True
Is 111490281139 a composite number?
False
Is 17443550899 a composite number?
False
Is 302518231 composite?
False
Is 36436854733 a prime number?
True
Is 14863780293 prime?
False
Is 130063961823 composite?
True
Is 191172229 composite?
True
Is 16896386809 a prime number?
False
Is 70182883 a prime number?
True
Is 3248909 prime?
True
Is 3889245733 prime?
False
Is 3587093247 a prime number?
False
Is 4198958359 prime?
True
Is 79140331 a prime number?
False
Is 2183288083 a prime number?
True
Is 452067719 prime?
True
Is 3381072067 a prime number?
False
Is 42996121919 a composite number?
True
Is 52229336749 composite?
False
Is 819800479 a prime number?
True
Is 19116749629 a prime number?
True
Is 84796729 a prime number?
True
Is 37539993 prime?
False
Is 49553761673 a prime number?
False
Is 7494636829 composite?
True
Is 19558433941 composite?
True
Is 1042626553 prime?
True
Is 1712673203 composite?
False
Is 83068971 prime?
False
Is 6485517569 a prime number?
True
Is 106114513919 a prime number?
False
Is 226345307 prime?
False
Is 242141838389 a prime number?
False
Is 4729622867 a prime number?
True
Is 23185799927 a composite number?
False
Is 7462863679 composite?
True
Is 61259660207 a prime number?
False
Is 622629313 a prime number?
True
Is 8320919 prime?
True
Is 1188695869 prime?
False
Is 948126707 a composite number?
True
Is 1023971045 composite?
True
Is 186830143 a composite number?
False
Is 1658155117 composite?
False
Is 5457665573 a composite number?
True
Is 2231634837 prime?
False
Is 319840783 composite?
True
Is 31058128939 prime?
True
Is 774494599 composite?
True
Is 11089930877 composite?
False
Is 1191876887 composite?
True
Is 20453812861 composite?
True
Is 3640562539 a composite number?
False
Is 42436465 composite?
True
Is 6794021953 composite?
True
Is 11971996969 a composite number?
False
Is 19629049097 a composite number?
True
Is 27395095319 prime?
False
Is 46223127151 prime?
False
Is 958396987 a composite number?
False
Is 1993536037 composite?
True
Is 15016425377 a composite number?
False
Is 15749822843 a prime number?
True
Is 1218942863 a composite number?
False
Is 221718622291 a composite number?
False
Is 157328711 a composite number?
False
Is 4790317447 composite?
True
Is 1693031687 a composite number?
True
Is 3496218961 prime?
True
Is 3784687259 prime?
True
Is 232153109 a composite number?
False
Is 20529629 prime?
True
Is 33894295891 a prime number?
True
Is 33833866589 composite?
False
Is 371818841 a prime number?
True
Is 29989303571 prime?
False
Is 14886687983 a prime number?
False
Is 260446897 a composite number?
False
Is 3006877801 composite?
True
Is 1331960381 composite?
False
Is 5126783693 prime?
False
Is 25733461451 a composite number?
False
Is 2681094551 composite?
True
Is 232478003 a composite number?
False
Is 779107387 a prime number?
True
Is 15737563327 composite?
False
Is 1548785179 prime?
False
Is 1406101901 a prime number?
False
Is 3959133811 composite?
False
Is 98908343845 composite?
True
Is 3523454063 a composite number?
True
Is 2498252837 prime?
True
Is 110830193 a composite number?
True
Is 3956707327 prime?
True
Is 57118931665 composite?
True
Is 41860614697 a prime number?
False
Is 2484425153 composite?
True
Is 302329049683 a prime number?
False
Is 9787891885 composite?
True
Is 984773651 prime?
False
Is 29331481 a composite number?
False
Is 3639953617 a composite number?
False
Is 677186863 composite?
False
Is 24699545863 composite?
False
Is 93263587 a prime number?
False
Is 7665881 a prime number?
True
Is 490750177 a composite number?
True
Is 154405743 a composite number?
True
Is 21799648289 a prime number?
True
Is 1909927057 a prime number?
False
Is 7654897 a composite number?
False
Is 2956539539 composite?
True
Is 2539511977 composite?
False
Is 141598956619 composite?
True
Is 262078819 a composite number?
False
Is 94787170249 a prime number?
False
Is 57974924239 composite?
False
Is 31036430641 composite?
True
Is 1355248933 composite?
False
Is 3295649891 a composite number?
True
Is 187965863 a composite number?
False
Is 65940079 a composite number?
False
Is 430742113 a prime number?
True
Is 269428417319 a prime number?
True
Is 508185593 prime?
True
Is 173000535607 a prime number?
True
Is 116627167 a prime number?
True
Is 4130188261 a prime number?
False
Is 175243613 a composite number?
False
Is 7753996571 a composite number?
True
Is 58622061467 a composite number?
False
Is 1552134838 a prime number?
False
Is 15426553361 a composite number?
False
Is 11808968117 a composite number?
True
Is 416590753 a composite number?
False
Is 2037684997 composite?
False
Is 2723373427 composite?
True
Is 453584819 a composite number?
False
Is 8141454559 prime?
False
Is 253601273 a composite number?
False
Is 3513068945 prime?
False
Is 610230403 a prime number?
True
Is 4297669561 composite?
False
Is 38633758063 composite?
False
Is 29779814509 a prime number?
False
Is 5814629 a composite number?
True
Is 2167650363 prime?
False
Is 28454344901 prime?
True
Is 1437371207 prime?
True
Is 51811025129 a composite number?
False
Is 10713994259 a prime number?
False
Is 11302782677 a prime number?
True
Is 7285074131 a composite number?
False
Is 1868873151 a composite number?
True
Is 877101271 prime?
False
Is 24942595841 a composite number?
False
Is 86705891 a prime number?
True
Is 5147788871 a prime number?
True
Is 1320921113 a prime number?
True
Is 10240556999 a composite number?
False
Is 5541579427 prime?
True
Is 102463287827 a composite number?
True
Is 40764887341 a composite number?
False
Is 4822662323 a prime number?
False
Is 13049407429 a composite number?
False
Is 2851481233 composite?
True
Is 60864504919 a prime number?
True
Is 10818678401 a prime number?
True
Is 1766233451 a composite number?
False
Is 42111338023 composite?
False
Is 231940170199 a prime number?
True
Is 256680163 a prime number?
Fals